mainder when c is divided by 20?
13
Let z(h) = 12*h + 20. Let n be z(-6). Let y = n + 70. What is the remainder when 105 is divided by y?
15
Let d = 130859 - 130822. Suppose -208 = -5*l + 3*l. What is the remainder when l is divided by d?
30
Let m(a) = 43*a**2 - a + 1. Calculate the remainder when m(2) is divided by (94/6)/(1/3) + (10300 - 10303).
39
Let a(z) = 5*z - 19. Let m(x) = x**3 + 6*x**2 + 5*x + 14. Let b be m(-6). Let r = b - -32. Calculate the remainder when a(r) is divided by 21.
19
Suppose 14*i - 50 = 13*i. Calculate the remainder when 117 is divided by i.
17
Let j = 7315 + -6615. Calculate the remainder when j is divided by 55.
40
Let w = -6870 - -6996. Calculate the remainder when 436 is divided by w.
58
Suppose -9*m - 89 - 73 = 0. What is the remainder when 289 - (22/(-4) + m/(-12)) is divided by 93?
14
Let h be (27/(-1) + 4)/1. Let c = -9 - h. What is the remainder when -10*(5/(-2) + -4) is divided by c?
9
Let b(x) = 2*x - 36. Let u be b(14). Suppose 0 = -t + 6*t - 30. What is the remainder when t is divided by 12/u + 5 - (-1)/2?
2
Let o = -154 - -705. Let q = o + -478. Calculate the remainder when q is divided by 38.
35
What is the remainder when 4 + (74 - (-12)/2) is divided by (-286)/52*(-60)/11?
24
Suppose 3*x + z - 199 = 0, 5*x - 2*x + 3*z = 207. Suppose -2*t + 12*t = 600. Suppose -9 = 3*y - t. Calculate the remainder when x is divided by y.
14
Let d(m) = 18*m**2 + 20*m + 46. Let x(p) = -6*p**2 - 7*p - 15. Let g(j) = 4*d(j) + 11*x(j). What is the remainder when g(4) is divided by 34?
25
Suppose 2*d - 21*d + 714 = -1129. Let c(z) = 48*z**2 - 2*z - 3. What is the remainder when c(-2) is divided by d?
96
Let j = -195 + 419. Suppose -75*t - 3443 = -9143. What is the remainder when j is divided by t?
72
Let k(t) = -2*t - 11. Let z = 47 + -41. Let b(n) = -4*n + 34. Calculate the remainder when k(-20) is divided by b(z).
9
Let m(i) = -21*i + 102. Let f be m(17). Let c = 381 + f. What is the remainder when c is divided by 33?
27
Suppose -3*o = p - 988, -2*o + 658 = -0*o + p. Suppose -147*g + o = -136*g. What is the remainder when g is divided by 18?
12
Suppose 4*n = 22 - 2, -5*z + 5*n + 1450 = 0. Suppose -26 = -5*x - p - 5, 0 = -p + 6. Calculate the remainder when z is divided by x.
1
Let s(n) = 3*n**2. Let o(t) = -t**2 - 33*t + 2. Let c(h) = -o(h) - s(h). Calculate the remainder when c(16) is divided by (-3 - -3) + 9 + 1.
4
Let y be (0 + 2)/(-1)*(74 + -59). Let f(u) = u**2 + 33*u + 122. Calculate the remainder when 127 is divided by f(y).
31
Let k = -4599 + 7357. What is the remainder when k is divided by 89?
88
Suppose -13 - 5 = -9*r. Let j(v) = -130 + 4*v + v**r + 57 + 61. What is the remainder when j(-9) is divided by 18?
15
Calculate the remainder when 156 is divided by (396/(-15) - (-3)/(-5))*-2.
48
Suppose -121*g + 128*g = 980. Calculate the remainder when 150 is divided by g.
10
What is the remainder when (-93)/(-31)*1985/15 is divided by 2?
1
Let k(i) = -i**2 - 9*i + 14. Let b be k(-10). Let z(t) = 103*t**2 - 5 + t + 2*t + 0 + b. What is the remainder when z(1) is divided by 18?
15
Let v(k) = -77*k - 28. Let h be v(-5). Suppose h = b + 2*b + 4*c, 5*b - 595 = -4*c. Calculate the remainder when b is divided by 12.
11
Let u be 2/8 + ((-28)/16)/(-1). Calculate the remainder when 168 is divided by (9 + (-45)/4)*(-8)/u.
6
Suppose -11*t = 4*i - 12*t - 6568, -8197 = -5*i - 2*t. Calculate the remainder when i is divided by 101.
25
Let n = -359 - -359. Suppose 0 = 5*w - 3*w - 10. Suppose 3*y - 6 = n, 2*y - 314 = -w*t + 5*y. What is the remainder when t is divided by 13?
12
Suppose -528 = -12*b + b. Let u = -55 + 81. Calculate the remainder when b is divided by u.
22
Suppose s - 6*s - 13*s = -2916. What is the remainder when s is divided by 107?
55
Let l = 69 - 30. Suppose -4*o - 2*h + 106 = 0, -29 = 2*o - 2*h - 73. Let a(g) = g**2 - 24*g - 4. What is the remainder when l is divided by a(o)?
18
What is the remainder when 945 is divided by (8 - 937)*(8 - -3 - 12)?
16
Let l(r) = r - 29. Let i be l(29). Suppose -14*a + 118 + 106 = i. Calculate the remainder when a is divided by 2.
0
Let d(y) = 13*y + 32. Let l(m) = 26*m - 22. Let z be l(4). Let o = 104 - z. What is the remainder when d(0) is divided by o?
10
Let i(u) be the second derivative of 11*u**3/6 + 265*u**2/2 + 32*u. What is the remainder when 155 is divided by i(-23)?
11
What is the remainder when 0 + 544 + (-4)/(-7)*1*7 is divided by 267?
14
Let i(o) = o**3 - 18*o**2 + 24*o - 66. What is the remainder when 1799 is divided by i(17)?
50
Let p = 36 - 23. Calculate the remainder when 159148/352 - 2*2/32 is divided by p.
10
Suppose -19*g = -27*g. Suppose -245 = -5*c - g*c. What is the remainder when c is divided by 28?
21
Let n = 435 + -413. What is the remainder when 235 is divided by n?
15
Let f = 123 + -61. Calculate the remainder when 31183 is divided by f.
59
Let l = 46 + -43. Suppose w = o + l*w - 30, -185 = -5*o - 3*w. Calculate the remainder when 317 is divided by o.
37
Let f be (1/3)/((-5)/(-45)). Let u(i) be the second derivative of i**4/6 + 5*i**3/3 - 19*i**2/2 - 31*i + 2. Calculate the remainder when 84 is divided by u(f).
26
Suppose -5*k + 17 + 3 = 0. What is the remainder when (-102)/(-54)*-15*((-112)/20 - -5) is divided by k?
1
Let v(a) = 2369*a + a**3 + 2368*a - 4750*a + 35 + 6*a**2. What is the remainder when v(-8) is divided by 8?
3
Let p(o) = -6*o**3 - 24*o**2 + 18*o - 16. What is the remainder when 620 is divided by p(-5)?
4
Suppose -728*t - 3150 = -854*t. What is the remainder when 8565 is divided by t?
15
Let p(t) = 3*t**3 - 10*t**2 + 5*t + 9. Let m = -36 - -23. Let o be 2 - (m/5 + 6/(-15)). Calculate the remainder when p(o) is divided by 40.
39
Suppose 7*m - 4*m + 15*m = 630. What is the remainder when 2198 is divided by m?
28
Let m(g) be the second derivative of 7*g**5/20 - g**4/6 - 7*g**3/6 + 11*g**2/2 + 10*g + 3. Calculate the remainder when 87 is divided by m(2).
42
Let x(m) = m - 3. Let h be x(3). Let q be 21/(-15) + (-2)/(-5) - -1. Calculate the remainder when 96 is divided by (q - h) + -2*(-75)/6.
21
Let a(b) = -2*b**2 + 33*b - 9. Let p be a(16). Suppose p*h - 262 - 326 = 0. Calculate the remainder when h is divided by 1 + 15 + (4 - 3).
16
Suppose -4*i + 136 = -f + 173, -2*f - i = -38. Calculate the remainder when 161 is divided by f.
14
Let s(a) = -a**2 + 44*a - 192. Calculate the remainder when 431 is divided by s(38).
35
Let n = 771 - 514. Let s = n - 159. What is the remainder when s is divided by 35?
28
Suppose -j - 3*j - 2*b + 108 = 0, -2*j + 5*b = -54. Let t = j - -8. Let f = -862 - -874. Calculate the remainder when t is divided by f.
11
Let n(i) = i**3 + 10*i**2 + 4*i - 29. Let r be n(-9). Suppose r*h = -18*h + 14484. Calculate the remainder when h is divided by 61.
60
Let z(x) = 7*x**2 + x - 5. Let c be z(2). Suppose 7*n - c = -480. Let w = -12 - n. What is the remainder when w is divided by 8?
5
What is the remainder when 429 is divided by (0 - 0 - 111)*866/(-1299)?
59
Let v be ((0 + 0)/5)/(-2). Let q(x) = -4*x + 20. What is the remainder when q(v) is divided by (7/3)/((-3)/(-9))?
6
Suppose -4*j = 5*m - 4706, 0*m - 4*m = -2*j - 3770. Calculate the remainder when m is divided by 41.
40
Let v(g) = g**3 + 5*g + 13 + 0*g**3 + 7*g - 2*g**2 - 3 + 12*g**2. Calculate the remainder when 405 is divided by v(-4).
57
Let m be (10/12)/((-4)/(-552)). Suppose 7*o = 32 + m. Let a = -58 + 111. Calculate the remainder when a is divided by o.
11
Let t = 5886 - 3790. Suppose -364 = -41*a + t. Let j = 40 - 24. What is the remainder when a is divided by j?
12
Suppose 34*y - 3864 = 22*y. What is the remainder when y is divided by 77?
14
Suppose 0 = 69*v + 49*v - 6*v - 1232. Calculate the remainder when 97 is divided by v.
9
Suppose -20*b = -22*b + 4*h + 42, -111 = -4*b - h. Suppose 4*u + 976 = 4*z, -29*z + 3*u + 485 = -b*z. Calculate the remainder when z is divided by 63.
58
Let x be -2*5/30*0. Suppose q + 2*c - 10 = x, 3*c = 2*c + 4. Suppose -5*r = -2*y - 183, 2*r - q*y + 29 = 101. Calculate the remainder when r is divided by 21.
16
Suppose -2*d - 85 + 7 = 4*q, 0 = -5*d + 25. Let s = q + 35. Let a = s - -30. Calculate the remainder when 83 is divided by a.
40
Let r(b) = -2*b**3 - 10*b**2 - 7*b + 4. Let g be r(-4). Suppose g = -25*q + 27*q - 24. Calculate th